 = 17974*b - 197713. Calculate v(11).
1
Let c(p) = -3*p**3 + 116*p**2 + 26*p + 43. Calculate c(39).
-464
Let q(c) = 8*c**2 - 415*c + 5181. Calculate q(21).
-6
Let z(x) = -x**3 + 107*x**2 - 357*x + 15632. Give z(105).
197
Let v(y) = -10152*y**2 - 243645*y + 58. Calculate v(-24).
-14
Let l(c) = -c**2 + 301*c + 119099. Determine l(-226).
-3
Let i(x) = -8*x**3 + 322*x**2 + 219*x + 801. What is i(41)?
-306
Let u(m) = -m**3 - 32*m**2 - 267*m - 193. Determine u(-22).
841
Let u(z) = -3745*z + 14965. Calculate u(4).
-15
Let k(j) = 2*j**2 - 24*j - 11. Calculate k(39).
2095
Let i(h) = 6*h**2 + 716*h + 1441. Give i(-2).
33
Let d(m) = -m**3 - 48*m**2 - 279*m + 113. What is d(-41)?
-215
Let b(o) = o**3 - 666*o**2 + 89274*o + 1097. Give b(186).
-19
Let a(n) = 4245*n + 174026. Calculate a(-41).
-19
Let s(k) = -1810*k - 2255282. Determine s(-1246).
-22
Let v(a) = 3087*a - 58528. Give v(19).
125
Let k(o) = -204649*o + 409296. Determine k(2).
-2
Let a(n) = -n**2 + 121*n - 1480. What is a(12)?
-172
Let x(w) = -3*w**3 - 437*w**2 - 648*w + 10257. Give x(-144).
-111
Let v(l) = 757*l + 37607. Give v(-47).
2028
Let z(c) = -6*c**3 + 230*c**2 - 75*c - 66. Give z(38).
-28
Let s(o) = 8*o + 2972. Give s(-156).
1724
Let u(z) = 2122*z + 31102. Calculate u(-17).
-4972
Let d(y) = 20*y**2 + 6382*y + 6929. Give d(-318).
-67
Let v(d) = -d**2 - 8898*d - 97792. Give v(-11).
-35
Let j(y) = -20*y - 52. Calculate j(13).
-312
Let a(i) = -i**3 + 189*i**2 - 184*i - 214. Determine a(188).
538
Let t(g) = 65*g - 1384. Determine t(29).
501
Let z(u) = 68538*u - 274111. Give z(4).
41
Let b(r) = 167*r + 750. Give b(-5).
-85
Let o(a) = 2902*a**2 + 49313*a + 27. Give o(-17).
384
Let q(w) = -w**3 - 34*w**2 + 141*w + 2395. Calculate q(-36).
-89
Let i(t) = -453*t + 15584. Determine i(32).
1088
Let d(r) = 1008*r - 547338. Determine d(543).
6
Let s(w) = 2*w**3 + 424*w**2 + 1139*w - 24000. Calculate s(-209).
35
Let y(b) = -17*b**3 - 37*b**2 - 1209*b - 2406. Determine y(-2).
0
Let i(w) = -3*w**3 - 34*w**2 + 74*w - 98. Calculate i(2).
-110
Let y(z) = -35*z + 577. Give y(28).
-403
Let v(d) = 12920*d - 775216. What is v(60)?
-16
Let v(b) = -2*b**2 + 781*b - 39111. Determine v(59).
6
Let x(u) = 279*u**2 + 4241*u + 845. Determine x(-15).
5
Let z(v) = 2995*v**2 - 5986*v - 7. Calculate z(2).
1
Let j(r) = -28*r**3 - 1120*r**2 + 37*r + 1385. What is j(-40)?
-95
Let g(q) = 2*q**2 + 635*q - 15654. Calculate g(23).
9
Let y(k) = -21861*k - 65600. Determine y(-3).
-17
Let z(a) = 352*a - 16412. Calculate z(37).
-3388
Let s(j) = -9879*j - 3042746. Determine s(-308).
-14
Let l(t) = -2*t**3 - 52*t**2 - 69*t - 2677. What is l(-27)?
644
Let s(v) = 608*v - 35319. What is s(58)?
-55
Let l(n) = 602*n + 13092. Calculate l(-22).
-152
Let f(z) = 4*z**3 + z**2 - 93*z + 13. What is f(-5)?
3
Let o(h) = h**2 + 66*h - 48231. Give o(-255).
-36
Let p(u) = -4*u**2 - 188*u - 573. What is p(-3)?
-45
Let m(k) = 4956*k - 232914. What is m(47)?
18
Let d(f) = -155*f - 2504. Give d(-17).
131
Let k(g) = 1278*g - 21875. Calculate k(17).
-149
Let z(w) = 3*w**2 - 235*w - 1728. Calculate z(85).
-28
Let d(m) = -5*m**2 + 878*m - 21242. Determine d(29).
15
Let s(d) = -6*d**2 - 928*d - 7341. Determine s(-8).
-301
Let j(p) = 2*p**3 + 14*p**2 - 315*p + 919. What is j(7)?
86
Let m(c) = -3653*c + 76674. Give m(21).
-39
Let y(n) = -171*n + 32431. Give y(190).
-59
Let y(x) = 9*x**3 + 90*x**2 + 149*x - 66. What is y(-2)?
-76
Let t(x) = -115515*x - 4851630. Give t(-42).
0
Let i(v) = 2*v**2 - 57*v + 29. Give i(16).
-371
Let k(f) = 634*f - 55150. Determine k(87).
8
Let m(b) = -6608*b + 32949. Give m(5).
-91
Let n(i) = -i**2 - 116*i - 898. Determine n(-105).
257
Let t(y) = -y**2 - 119*y - 1039. Give t(-10).
51
Let z(f) = -1159*f + 30804. Give z(27).
-489
Let d(u) = -12221*u - 1967549. Determine d(-161).
32
Let b(s) = -s**3 - 37*s**2 - 5456*s - 195251. Give b(-36).
-131
Let z(g) = 11*g**3 - 16*g**2 - 83*g - 34. What is z(-7)?
-4010
Let m(u) = 10469*u - 722051. Determine m(69).
310
Let w(r) = 13*r**2 + 846*r + 3936. Determine w(-5).
31
Let j(p) = p**2 + 3029*p - 423901. Calculate j(134).
-59
Let l(m) = 214110*m + 1070591. Give l(-5).
41
Let y(r) = -691448*r + 6223016. Calculate y(9).
-16
Let a(i) = -25*i**2 - 130*i + 717. What is a(4)?
-203
Let u(j) = -120689*j - 4706855. Calculate u(-39).
16
Let i(n) = 2*n**3 + 7624*n**2 - 30515*n - 44. Give i(4).
8
Let b(d) = -29133*d - 11157939. Determine b(-383).
0
Let h(y) = -881*y - 27020. Give h(-30).
-590
Let s(g) = -2390*g + 46282. Determine s(20).
-1518
Let s(f) = -4937*f + 2266058. Calculate s(459).
-25
Let i(a) = 286*a + 1930. What is i(-9)?
-644
Let g(q) = -12863*q - 51412. Calculate g(-4).
40
Let d(l) = -4*l**2 - 290*l - 2681. Determine d(-13).
413
Let u(p) = -p**2 - 114*p - 2610. What is u(-24)?
-450
Let f(g) = g**2 + 11875*g - 512479. Give f(43).
-5
Let r(y) = 469*y**2 + 5596*y - 381. Calculate r(-12).
3
Let k(f) = 78*f + 3394. What is k(-5)?
3004
Let c(l) = -955*l + 64651. Calculate c(68).
-289
Let f(p) = -3*p**2 + 193*p - 2771. Give f(22).
23
Let b(v) = -4031*v**2 - 64488*v + 11. Determine b(-16).
-117
Let g(z) = 1232*z + 51734. Determine g(-42).
-10
Let x(b) = -2*b**3 + 66*b**2 + 99*b - 2792. Give x(33).
475
Let q(b) = -214*b - 7564. Calculate q(-37).
354
Let w(b) = -b**3 - 39*b**2 + 16*b - 103. Determine w(-39).
-727
Let l(p) = 5681*p + 147682. Give l(-26).
-24
Let x(y) = 13*y**3 - 1740*y**2 - 282*y + 1867. What is x(134)?
-9
Let l(y) = 1497*y + 6412. Determine l(-7).
-4067
Let x(s) = -27*s**2 - 4480*s - 17519. Give x(-4).
-31
Let q(s) = -s**2 + 20*s + 3629. What is q(-54)?
-367
Let q(o) = -2*o**3 + 2*o**2 + 2795*o + 41. Calculate q(38).
-605
Let b(t) = 2*t**3 + 477*t**2 + 1638*t - 1451. Give b(-235).
194
Let c(z) = -70*z**3 + 37*z**2 + 33*z + 2. Calculate c(-1).
76
Let g(z) = -17*z**3 + 784*z**2 - 94*z + 142. Calculate g(46).
50
Let w(v) = 816*v + 1210. Calculate w(-2).
-422
Let c(l) = -4*l**3 - 90*l**2 - 36*l + 105. What is c(-22)?
-71
Let t(z) = -3212394*z + 12849575. Calculate t(4).
-1
Let f(b) = -23*b**2 - 2666*b - 1129. Calculate f(-116).
-1361
Let a(g) = -39450*g + 118349. What is a(3)?
-1
Let d(y) = y**3 - 32*y**2 - 162*y + 408. What is d(36)?
-240
Let l(b) = 2709*b + 3712. Give l(-1).
1003
Let m(t) = 2030*t**3 + 6092*t**2 - 3*t - 24. Calculate m(-3).
3
Let j(w) = 2702*w - 21660. Give j(8).
-44
Let k(l) = 41*l**2 - 10580*l + 1582. Determine k(258).
1066
Let r(n) = 71*n**2 + 291*n - 584. Determine r(2).
282
Let n(r) = -42*r**3 - 19*r**2 + 7*r + 3. Calculate n(1).
-51
Let i(l) = 2*l**2 + 161*l + 1075. Calculate i(-72).
-149
Let w(o) = -o**3 - 2*o**2 + 283*o + 3050. Calculate w(-12).
1094
Let v(r) = 4511*r - 45092. Determine v(10).
18
Let s(b) = 3*b**2 - 245*b - 8193. Calculate s(-26).
205
Let s(c) = 59634*c - 1908401. Calculate s(32).
-113
Let j(q) = 6369*q**2 + 3337359*q + 1578. Determine j(-524).
6
Let s(k) = -2*k**3 - 26*k**2 + 48845*k + 537777. Determine s(-11).
-2
Let h(o) = -2338*o - 423177. Give h(-181).
1
Let f(v) = 6*v**2 + 1466*v + 1908. Determine f(-243).
-36
Let p(h) = 3*h**2 - 447*h + 916. Give p(140).
-2864
Let s(z) = z**3 - 73*z**2 - 1316*z - 195. What is s(88)?
157
Let x(y) = -150*y + 10851. Give x(101).
-4299
Let b(x) = -3*x**3 + 282*x**2 - 2070*x - 160. What is b(86)?
-676
Let o(m) = -m**3 + 40*m**2 - 21229*m + 849165. What is o(40)?
5
Let h(c) = c**2 + 135068*c - 405209. Determine h(3).
4
Let x(w) = 20936*w + 41912. Calculate x(-2).
40
Let g(t) = t**3 + 9*t**2 - 2210*t - 15559. Determine g(-7).
9
Let y(f) = f**3 - 84*f**2 + 8*f - 259. Determine y(0).
-259
Let q(o) = -o**3 - 7*o**2 - 90562*o - 543342. Calculate q(-6).
-6
Let q(b) = -2*b**2 - 61*b + 5542. Calculate q(-68).
442
Let c(h) = 764632*h - 15292645. Calculate c(20).
-5
Let p(r) = -7*r**2 + 168*r - 167. Determine p(23).
-6
Let d(r) = -r**3 - 123*r**2 - 643*r - 6255. What is d(-118)?
-1
Let n(b) = -b**3 + 34*b**2 - 59*b - 1026. Calculate n(31).
28
Let u(r) = -1916*r - 567138. Determine u(-296).
-2
Let w(f) = -7*f**3 - 82*f**2 + 46*f + 253. Calculate w(-12).
-11
Let z(t) = 222862*t + 4457245. What is z(-20)?
5
Let i(u) = -u**2 - 612*u - 22361. Determine i(-39).
-14
Let y(g) = -g**2 + 35*g + 2881. Calculate y(74).
-5
Let m(o) = 18*o**2 + 11*o - 67. What is m(-5)?
328
Let x(f) = 13*f + 1626. Calculate x(-62).
820
Let o(a) = a**3 -